e
Suppose -2 = v, 5*n - 18 = -3*v - 4. Suppose u + n*i - 9 = 0, 5*i - 2*i - 4 = 2*u. Does 4 divide 312/40 - u/(-5)?
True
Suppose 4*l = 3*b + 2*l - 14, -3*b - 3*l + 24 = 0. Let a = 9 - b. Suppose 45 = 4*i - a. Is 7 a factor of i?
False
Let a(x) = -x**3 + 6*x**2 + 9*x + 9. Is a(5) a multiple of 12?
False
Suppose 8*r - 3*r = 40. Does 4 divide r?
True
Let q = 116 - 78. Does 19 divide q?
True
Suppose -4*x = -2*w, 3*x = 5*w - 0*x - 14. Is w even?
True
Let t(g) = 50*g. Let s be t(2). Let x be 3/1*2 + 1. Does 7 divide s/x - (-10)/(-35)?
True
Let j(c) = 51*c + 1. Is 5 a factor of j(1)?
False
Is 2 a factor of 1 + -1 - (-3 + -1)?
True
Let n(y) = -y**3 + 11*y**2 + 11*y + 16. Let l be n(12). Suppose 0 = -l*p + p + 81. Is p a multiple of 13?
False
Suppose -i = 4*h + 18 - 5, -2*i - 10 = 4*h. Suppose f = -0*f + i. Suppose f = t - 11. Is 8 a factor of t?
False
Let k be (-50)/(-5)*(-1)/(-2). Suppose -28 = -3*m + 2*m - 4*x, k*m - 106 = -3*x. Suppose 0 = -4*g + m + 24. Is g a multiple of 7?
False
Suppose 5*j = 82 + 43. Is 10 a factor of j?
False
Let q be ((-5)/10)/((-1)/4). Does 31 divide 50 - 5/((-5)/q)?
False
Suppose -5*o + 2*q + 4 = -6, -2*o - 4*q + 28 = 0. Suppose o*y - 2*d = 156, 90 = 3*y - y + 5*d. Is 24 a factor of y?
False
Suppose -39 = 4*o + 25. Let w = o + 29. Does 13 divide w?
True
Suppose -240 = -3*b + b. Suppose 2*d + 3*d = b. Let c = d - 16. Is 3 a factor of c?
False
Suppose -7 = -4*a - 4*c - 27, 5*c - 23 = a. Let m(l) = -2*l - 11. Let t be m(a). Suppose -t = 5*j - 25, -j = -3*w + 92. Does 15 divide w?
False
Let y(u) = -17*u. Let m be y(2). Let r = 5 - m. Does 9 divide r?
False
Let x = 34 + -14. Let j = -14 + x. Does 2 divide j?
True
Let h(k) = 2*k**2 - 1. Let o be h(-2). Suppose 0 = -3*u - 2*j + o, u + 4*j + 1 = -0*j. Suppose -49 = -u*y - 4*b - 9, -2*b - 46 = -4*y. Does 6 divide y?
True
Suppose v + 0*v + 13 = -3*g, -3*v + 3 = -5*g. Let j = 15 - 28. Let x = v - j. Is 9 a factor of x?
True
Let a(u) = -u**2 - 12*u + 24. Is a(-10) a multiple of 24?
False
Let y(k) be the third derivative of k**5/60 + k**4/24 + k**3/6 + 15*k**2. Let h be ((-5)/(-2))/(2/(-4)). Does 8 divide y(h)?
False
Suppose -10*p = -975 + 315. Is 16 a factor of p?
False
Suppose 0 = -0*j - 5*j. Suppose a + j*a = 37. Is 20 a factor of a?
False
Suppose 5*d = 3*w - 31, 3*w - 3*d - 19 - 2 = 0. Suppose 0 = -w*y + 10 - 2. Suppose -y*b = b - 25. Is 4 a factor of b?
False
Let y = -141 + 199. Suppose -5*f - 15 + y = 4*g, -16 = -2*f - 2*g. Is 11 a factor of f?
True
Suppose -3*l - 4*q + 75 = 0, 0 - 60 = -3*l + q. Does 13 divide l?
False
Let t = 0 - 2. Suppose 0 = -3*q - q - 12. Is -17*(5 + t)/q a multiple of 12?
False
Let s(m) = 4*m**2 - m. Let i be s(1). Suppose 4*d + 8 = 0, -2*d + 3*d = i*x - 41. Is x a multiple of 13?
True
Let o(q) = q**2 - 7*q + 5. Let g be o(7). Suppose -5 = -5*y + g. Suppose 3*z = 5*v + 64, 0*v = -2*z - y*v + 64. Is z a multiple of 13?
False
Let r(p) = -13*p**2 + 9*p + 1. Let q(v) = 13*v**2 - 8*v - 1. Let c(w) = 7*q(w) + 6*r(w). Is c(-1) a multiple of 9?
False
Let i be (-3)/12 - 7/4. Let r = i + 9. Is r a multiple of 3?
False
Is 26 a factor of (-212)/(-4) + 0 + -1?
True
Let b(p) = -2*p**3 - 8*p**2 - 3*p - 2. Suppose z = -3*z - 20. Does 21 divide b(z)?
True
Let w(d) = -d**3 + 8*d**2 + 2*d + 1. Let y be w(6). Suppose 0*q + y = 5*q. Is q a multiple of 17?
True
Suppose v - 4 = 9. Suppose 3*y = 2*b + 150, -v = 4*b - 1. Does 12 divide y?
True
Suppose 3*b = 4*a + a + 106, -5*b + 2*a = -145. Suppose 4*c = b + 21. Let y = c + -7. Does 5 divide y?
True
Is (3692/(-20))/(-1) - 4/(-10) a multiple of 25?
False
Let g = 2 + -6. Let v(l) = -9*l + 3. Is v(g) a multiple of 13?
True
Let x(p) = p**3 - 8*p**2 - 2*p - 3. Let b be x(9). Let s = b + -39. Let g = -10 + s. Is g a multiple of 9?
False
Let x(i) = -2*i + 6. Does 10 divide x(-7)?
True
Let t = 97 - 37. Is 21 a factor of t?
False
Suppose -17 + 3 = -2*i. Let k = i + -10. Let m(u) = -7*u + 3. Does 17 divide m(k)?
False
Let j(a) = 7*a**3 - 2*a**2 - 6*a - 4. Let k(x) = -15*x**3 + 5*x**2 + 12*x + 9. Let q(o) = 13*j(o) + 6*k(o). Is q(-5) a multiple of 3?
False
Let h = 473 + -332. Does 35 divide h?
False
Let g be 0 + 2 - (-1 + 3). Suppose 5*l = -4*i - g*i + 1, 0 = -5*i - 2*l - 3. Is 5 a factor of (1 - i)*(-7)/(-2)?
False
Let y(r) = -r**2 + 14*r - 7. Does 19 divide y(5)?
True
Let m be 6 - -2*3/(-6). Let t(z) = -z**3 + 6*z**2 - 5*z. Let g be t(m). Suppose g = 4*x + x - 60. Is x a multiple of 10?
False
Suppose l + h - 483 = -3*l, 2*h = -5*l + 600. Let g = l + -65. Is 19 a factor of g?
True
Let o be 2 - 2 - -2*1. Suppose -f + 18 = 5*r, -3*r = -o*f + 3*f - 10. Suppose -r*j = -4*l, 12 = 4*j - 0. Is l a multiple of 2?
False
Let s = 73 - 25. Is s a multiple of 12?
True
Let m(d) = -d + 2. Let q be m(0). Is 14*(q/4)/1 a multiple of 3?
False
Let q(n) = -n**3 - 3*n**2 + 8*n + 10. Is 14 a factor of q(-8)?
True
Suppose -4*o + 326 = -4*m - 670, 753 = 3*o - m. Does 9 divide o?
True
Let a be 32/10*35/14. Suppose 0 = 13*k - a*k - 265. Is 27 a factor of k?
False
Suppose 3*q = 3*k - 2 - 73, -3*k = -5*q - 85. Is 4 a factor of k?
True
Suppose 10 = -j + 2*s, 2*j + 4*s = 14 - 2. Is 15 a factor of (-397)/(-7) + j/(-7)?
False
Let z = 3 - -1. Suppose -k + 17 = -3*g, -z*g + 40 = 4*k - 9*g. Is k a multiple of 5?
True
Let y be 147/12 + (-1)/4. Suppose y = -5*i + 122. Is i a multiple of 7?
False
Let t = 80 + -47. Is 11 a factor of t?
True
Let b = -9 + 25. Suppose j + 4 = b. Let w = j - 8. Is w a multiple of 3?
False
Suppose -4*r = -0*w - 3*w - 477, -4*r + 5*w + 475 = 0. Is r a multiple of 10?
True
Let d be 1/3 - 40/(-6). Let k(u) = u**2 - 6*u. Does 5 divide k(d)?
False
Let k be -8*(-1 - (-102)/(-8)). Let c = k + -78. Suppose -5*m = -2*y - 38 + 114, -y = -m - c. Is 17 a factor of y?
False
Suppose -y + 5*n = -3 - 5, -5*y - 3*n = -12. Suppose 7 = -y*o - b + 2*b, 2*o = -b - 8. Let v = 5 - o. Is 8 a factor of v?
True
Let t be -4*(0 + -2 + 0). Let l(a) be the third derivative of a**5/60 - a**4/8 + a**3/6 - a**2. Is l(t) a multiple of 15?
False
Let w(i) = i**2 - 2*i + 2. Let o(k) = -k**2 + 8*k - 4. Let b be o(7). Let r be w(b). Suppose -4*l - l + 3*f = -87, -r*f = 5*l - 95. Does 5 divide l?
False
Suppose -2*p = -5*t - 6*p - 43, -5*p - 40 = 5*t. Let o = t + 15. Suppose 13 - 44 = -3*l - o*v, 3*l - 22 = 5*v. Is 9 a factor of l?
True
Let v be 2/4*12/2. Suppose -k + 212 = v*k. Does 9 divide k?
False
Let s(q) = q**2 + 4*q - 9. Let p be s(-7). Let t = 29 - p. Is t a multiple of 4?
False
Suppose 0 = 3*l - 5*r - 317, -l + 4*r = -45 - 70. Is 30 a factor of l?
False
Let x = -6 - -36. Is 10 a factor of x?
True
Suppose -2*x + 0*x = 10, -2*q = -x - 15. Does 2 divide q - (4 + -2 + 0)?
False
Let g = -149 - -413. Does 24 divide g?
True
Let i be 4/6*(2 - -4). Suppose i*h = -p + 33, 2 - 35 = -p + h. Is 11 a factor of p?
True
Let n be 1/((-2)/(0 - 10)). Suppose 3*i + 40 = n*i. Is 20 a factor of i?
True
Let l(j) = j**3 - 8*j**2 - 7*j - 3. Suppose 12 = z + 3. Let x be l(z). Let y = x - 1. Is y a multiple of 11?
False
Let q = 29 + -18. Let y = 7 - q. Let b(h) = h**2 - 2*h + 2. Does 13 divide b(y)?
True
Is ((-420)/2)/(21/(-14)) a multiple of 20?
True
Suppose -12 = -3*x - 0. Is 7 a factor of 4*7*2/x?
True
Let v(n) = 34*n**2 - 2. Let m be v(2). Is (-2 + 15/6)*m a multiple of 20?
False
Let y = 152 + -86. Does 12 divide y?
False
Suppose 2*f - 99 = l + 153, 3*f = 4*l + 378. Does 5 divide f?
False
Suppose 4*r + 8 - 28 = 0, -3*u = -2*r + 16. Suppose 0*t = 2*t - 4. Does 10 divide 8 - -1 - u/t?
True
Let q(w) = 3*w**2 + 1. Let o be q(5). Suppose -4*f - 198 = 2*x, -250 = -0*f + 5*f + 2*x. Let z = o + f. Does 13 divide z?
False
Let f be (-1 - -1)*1/(-3). Suppose 2*o - 4*o + 84 = f. Is 8 a factor of o?
False
Let l(t) = 233*t**2 + 1. Let v be l(-1). Suppose v = 5*b - 6. Is b a multiple of 30?
False
Is (-246)/(-15) - 12/(-20) a multiple of 8?
False
Let u(w) be the third derivative of 0 + 0*w - 3*w**2 + 1/3*w**4 + 1/6*w**3. Does 3 divide u(1)?
True
Let d = -154 + 248. Does 10 divide d?
False
Suppose -7 = -3*m + 2. Suppose u = -0 + m. Suppose u*t = 4*c - 2*t - 22, 0 = 2*c + 2*t - 2. Does 3 divide c?
True
Suppose f = -5*h + 160, 3*f - 5*h = 431 + 89. Does 17 divide f?
True
Suppose -2*c = 3*g - 29, 9 = 2*g + g. Is c a multiple of 5?
True
Is 4 a factor of (-1 + 1 - -16)*1?
True
Let r be (-1)/((-1)/(0 - -1)). Let m be ((-26